 Determine f(k).
3
Let f(u) be the first derivative of u**4/4 + 2*u**3 + 2*u + 1. Let h(d) = -2*d**2 - 4*d. Let r be h(-3). Determine f(r).
2
Let k(q) be the third derivative of 1/10*q**5 + 0 - 1/3*q**4 - 1/120*q**6 + 0*q + q**2 + 7/6*q**3. What is k(5)?
-8
Suppose -4*q - 7 = -5*a, 3*a - 8 = -a + 4*q. Let l(b) = -40*b - 40*b + 82*b. What is l(a)?
-2
Suppose -7*b + 3*b + 8 = 0. Suppose -7 = 3*s + 5*w, -b*s - 5*w - 3 = -2*w. Suppose -2*i + 5*d = 3*d, -3*i = 3*d - s. Let g(f) = -4*f + 1. Give g(i).
-3
Let u(w) = -10*w - 3 - 3 + 12*w. What is u(6)?
6
Let d(c) = c**3 - c**2 + c - 6. Let u be d(0). Let j(s) = -11*s**2 - 18*s - 11. Let r(m) = -4*m**2 - 6*m - 4. Let f(y) = 3*j(y) - 8*r(y). Determine f(u).
-1
Let w(y) = y**2 - 1. Let s be w(2). Let i(m) = m + m**2 - 4 - m. Let d be i(s). Let c(o) = -o**3 + 4*o**2 + 4*o + 3. Give c(d).
-2
Let g(y) be the third derivative of 7*y**4/24 + y**3/6 + 12*y**2. Let f be 2/7 - 5/(-7). Let u be f/3 + 8/(-6). Give g(u).
-6
Let o(p) = -p**2 + 4*p - 4. Suppose 3*f + 7 = -2*v, -4*v - f = 4*f + 9. What is o(v)?
-4
Let o(h) be the second derivative of -h**3/6 - h**2 - 3*h. Calculate o(-6).
4
Let c(v) = v**3 - 1. Let g(j) = -5*j**3 - 7*j**2 - 7*j - 3. Let t(l) = 4*c(l) + g(l). Give t(-6).
-1
Let t(h) = h + 1. Let a(d) = -d**3 + 5*d**2 - d. Let m be a(5). Let g be 2*(4 + m + 2). Suppose 5*x + 15 = -g*r, 3*r + r = 0. Calculate t(x).
-2
Let s(i) = 13*i + 53. Let w(k) = -3*k - 13. Let l(z) = -2*s(z) - 9*w(z). What is l(0)?
11
Let b = 48 - 43. Let f(n) = -n**3 + 4*n**2 + 3*n + 4. Give f(b).
-6
Let n(p) = p**2 - 4*p. Let j(y) = -y**2 + 3*y. Suppose z = -3*z - 16. Let l(g) = z*j(g) - 3*n(g). Suppose -2*u + 10 = 3*u. Determine l(u).
4
Suppose 0*v - 6 = -v. Suppose -4*a = -2*s + v*s + 16, 0 = 4*s - a - 9. Let c(x) = 2*x**2 - 1. Give c(s).
1
Let t(x) = 2*x**3 + 3*x**2 + 5. Let a(p) = 3*p**3 + 5*p**2 + 9. Let n(w) = 3*a(w) - 5*t(w). Determine n(2).
-6
Let m(h) = -9*h**3 + 2*h**2 + h. Suppose -g - 2 = -l, 5*g = 6*g + 3. Determine m(l).
10
Suppose m = -4*m. Let b(v) be the second derivative of m - 1/6*v**3 - 2*v**2 - 2*v. Determine b(-4).
0
Suppose 2*o = 4*o - 18. Let s = o - 5. Let m(a) = -a**3 + 5*a**2 - 4*a + 1. Give m(s).
1
Let l(b) = 2*b - 7. Let c be l(2). Let f(w) = 2*w**2 + 3*w + 2. Calculate f(c).
11
Let y be (66/(-22))/((1/1)/(-1)). Let b(o) = -o**3 + 3*o**2 - 1. Calculate b(y).
-1
Let u(z) = -z**2 - 3*z + 5. Let v be u(-4). Let c(h) = 8*h + 1. Let f(b) = -b. Let i be 1/3 - (-8)/3. Let o(l) = i*f(l) + c(l). What is o(v)?
6
Let n be (-2)/9 - 22/(-18). Let v(s) be the second derivative of 1/2*s**2 + 0 + 1/3*s**3 + 2*s. What is v(n)?
3
Let i = 6 - 7. Let w be 3*i/4*4. Let z(l) = -l + 2. What is z(w)?
5
Suppose -m = -5*m + 8. Let f(y) = y**2 + y - 2. Calculate f(m).
4
Let x(w) = -2 - 1 + 12*w - 14*w. Suppose 3*a - 3*z = -3, 5*z + 8 = -5*a - 7. Let y = -1 + a. Calculate x(y).
3
Let f be (-13 + 1)*(-1)/3. Let j(m) = -3*m**3 + 4*m**2 + 5*m + 2. Let i(k) = -4*k**3 + 4*k**2 + 6*k + 2. Let d(z) = f*i(z) - 5*j(z). Give d(-4).
2
Let g(a) = -2 + 4 + 0 + 2*a. Suppose -3*z + 4*u = -2, -z + 4*z + 16 = -5*u. Give g(z).
-2
Let m(v) = -1 - 1 - 5*v + 2. Let t be m(1). Let n(y) = y + 1. Determine n(t).
-4
Let v be 3/2 - 18/(-4). Let t(w) = -3 - 3*w**2 + 13*w**2 - 3*w + v - 9*w**2. Suppose 0 = -4*k + 4 + 8. What is t(k)?
3
Let c(x) be the third derivative of x**5/10 + x**3/6 - 12*x**2. Determine c(1).
7
Let j(m) = m. Let n(u) = u**2 - u - 1. Let o(l) = 5*j(l) - n(l). Determine o(5).
6
Let c(w) = 9*w + 0 - 3 - 2*w + 5. Give c(-2).
-12
Let t(f) = 3*f**2 + 24*f + 4. Let j(a) = -2*a**2 - 16*a - 3. Let i(k) = 7*j(k) + 5*t(k). Calculate i(-7).
-8
Let p(g) = -g**2 + 3*g + 13. Let q be p(5). Let o(z) = -2*z**3 - 7*z**3 - 9 - 4*z**3 - 6*z + 8*z**2 + 12*z**q. What is o(7)?
-2
Let d be (-11)/(-3) + 2/(-3). Let w(k) = k**3 - 2*k**2 - 2*k + 3. Give w(d).
6
Suppose -4*c - 12 = -2*c. Let f = c + 5. Let b(g) = 3*g. Give b(f).
-3
Let k(j) = -j**2 + 9*j - 5. Let g be (10 - 4)/(6/8). Let y be k(g). Let m(x) = -2*x - 1. Determine m(y).
-7
Let l = -19 - -17. Let j = l + 6. Let n(u) = u + 2*u + 0*u - 5. Calculate n(j).
7
Let z be (2 + 5/(-3))*21. Let h = -2 + z. Let o(v) = h - v**3 + 0*v - v - 10*v**2 + 14*v**2. Determine o(4).
1
Let s(d) be the first derivative of d**2/2 - 11*d + 1. Let v be s(11). Suppose 3*w - 3 = -3*x, -3 = 3*x - 3*w - v. Let h(a) = a**2 + a + 2. Determine h(x).
2
Suppose 4*j - 5*x - 1 + 11 = 0, -j - 5*x - 15 = 0. Let c(o) = o**2 - 3. Calculate c(j).
22
Let z(b) be the third derivative of b**5/60 - b**4/4 + b**3/2 + 3*b**2. Let v be z(4). Let g = v + 7. Let l(m) = -2*m**3 + 3*m**2 - m + 2. Give l(g).
-4
Let f be (1/(-3))/((-1)/(-9)). Let v(w) = 3*w**2 - 6*w + 1. Let q(i) = i**2 - 3*i + 1. Let k(b) = 5*q(b) - 2*v(b). Calculate k(f).
3
Let y = 15 - 11. Let m(l) be the third derivative of -l**2 - 1/120*l**6 + 0 + 1/12*l**5 + l**3 + 0*l - 7/24*l**4. What is m(y)?
-6
Let v(k) be the third derivative of -2*k**2 - 1/24*k**4 - 1/6*k**3 + 0*k + 0. Let t(c) = -3*c**3. Let x be t(1). Determine v(x).
2
Let o(d) = 2*d**2 + 2*d + 1. Let s be o(-1). Let x be 10/6 - 2/(-6). Let f(t) = t - t**3 + t - 3 + x. Determine f(s).
0
Suppose -31*l = -24*l + 14. Let m(q) be the third derivative of q**5/40 + q**4/8 - q**3/3 + 2*q**2. Let r(d) be the first derivative of m(d). Give r(l).
-3
Let z(v) be the third derivative of v**6/120 + v**5/10 + 5*v**4/24 - 2*v**3/3 - 21*v**2. Let j = -14 - -10. Calculate z(j).
8
Let r(u) = 12*u. Let q be r(1). Suppose -2*k - q = -3*k. Let v(d) = 1 - d + k*d**2 + d - 2*d + 0*d. Calculate v(1).
11
Let k(j) = -j**3 + j**2 - j + 1. Let s = -4 + 6. Let p = -1 + s. What is k(p)?
0
Suppose -2*z = -2*f - 8, f = -2*z - 2*f - 12. Let m(w) = -w**3 - w**2 + w + 4. Give m(z).
4
Let o be 12/(-18) - (-8)/3. Let a(w) = o*w**2 + 2*w**2 - 2*w**3 - 2 + 7 + 3*w**3. Let y(m) = m**2 - 10*m + 12. Let b be y(8). Determine a(b).
5
Let m(t) = -t**3 - 2*t**2 + 5*t - 1. Let i = 16 - 20. Determine m(i).
11
Let t(g) be the third derivative of 3*g**4/8 - g**3/6 + 36*g**2. Determine t(-1).
-10
Suppose 0*w = 3*w - 15. Let h(p) = p - w*p**2 - p**2 + 5*p**2 - 5 + 0*p. Let y(r) = -r - 2. Let x be y(-2). What is h(x)?
-5
Suppose 2*p - 2*j = 1 + 1, -5*p = 4*j - 32. Let o(v) be the first derivative of v**4/4 - 5*v**3/3 + 5*v**2/2 - 5*v + 1. Give o(p).
-1
Let l(k) be the first derivative of k**3/3 - 3*k**2/2 - k + 6. What is l(4)?
3
Let k = -36 + 31. Let x(f) = -f**3 - 4*f**2 + 5*f - 6. What is x(k)?
-6
Suppose -l - 5*w - 17 = 0, -l + 3*w + 24 = 3*l. Let d(o) be the first derivative of -3*o**2/2 - o + 1. Determine d(l).
-10
Let n(d) be the first derivative of 3 - 7/2*d**2 + d. Let y be 3 + 2/(-2) + -1. Determine n(y).
-6
Let o(w) = w**3 + 2*w**2 - 3*w - 1. Let d(x) = x**3 - 5*x**2 - 5*x + 6. Let h be d(6). Suppose u + h = 5*b, 3*u - 4 + 0 = -5*b. Calculate o(u).
5
Let v be -3 + (2 - 0 - 1). Let g(t) = t - 2. Let c be g(4). Let b(i) = c*i**2 + i**3 - 2*i**3 - 1 - 3*i + 2*i**3 + i. What is b(v)?
3
Suppose -2*x + 5*z = -16, 4*x + 4*z - 1 = 3. Let m = 20 - 22. Let h = x + m. Let u(f) = 4*f - 1. What is u(h)?
3
Let r(h) = -h**3 + h**2 + h. Suppose 3 = -3*f + 4*f. Suppose -3*y + 2*y = -w, 3*y + f*w = 0. Give r(y).
0
Let c(o) be the first derivative of 5*o - 1/3*o**3 + 0*o**2 - 4. Determine c(-4).
-11
Let z be ((-6)/5)/(14/(-35)). Let a(o) = 2*o - z*o**2 + 6 + 4*o**2 - 2*o. Determine a(0).
6
Let a(i) = -2*i**2 - 3. Let u(h) = -h - 1. Let x(j) = a(j) - 3*u(j). Let y = 2 + 0. Calculate x(y).
-2
Let m = 2 + 4. Let i be 19/4 - (-3)/12. Suppose -16 = -5*b - 2*t, i*b - 24 - m = 5*t. Let o(r) = -r**2 + 7*r - 5. Give o(b).
7
Let o = -12 + 18. Let b(h) = -o*h + 4*h + 3*h - 5 - 4. Determine b(0).
-9
Let o(j) be the third derivative of j**2 + 1/60*j**5 - 1/3*j**3 - 1/4*j**4 + 0 + 0*j. What is o(5)?
-7
Let n(l) = l**2 + 2*l - 2. Suppose 4*o - 9 + 4 = 5*q, 0 = -3*o - 5*q - 5. Let v = o - 3. Calculate n(v).
1
Suppose j - 4 = -0*j. Let t(c) = 3*c + 18. Let g(p) = p + 6. Let n(z) = j*t(z) - 11*g(z). Let v(w) = -2*w**2 + 4*w + 1. Let f be v(3). Determine n(f).
1
Let c(q) = 7*q - 1. Let b(g) = g**3 - 7*g**2 + 6*g - 1. Let k be b(6). Let m = 0 + k. Determine c(m).
-8
Let i(y) = 20*y - 9. Let c(a) = 7*a - 3. Let q = 0 - 3. Let j(z) = q*i(z) + 8*c(z). Calculate j(2).
-5
Let x(d) = 2*d**2 - 3*d - 1. Le